
3
10 (base 7) to base 3
21
Convert -2 (base 3) to base 11.
-2
What is 5 (base 10) in base 5?
10
What is 1 (base 9) in base 8?
1
What is -123 (base 4) in base 15?
-1c
1 (base 2) to base 11
1
What is 48 (base 9) in base 4?
230
0 (base 9) to base 14
0
What is 31 (base 15) in base 7?
64
-2 (base 10) to base 16
-2
Convert -2 (base 5) to base 2.
-10
Convert 100010011 (base 2) to base 8.
423
What is 7 (base 11) in base 4?
13
Convert 102 (base 4) to base 7.
24
What is -5 (base 15) in base 8?
-5
What is -3 (base 6) in base 16?
-3
What is -2 (base 5) in base 6?
-2
3 (base 4) to base 11
3
8 (base 14) to base 3
22
1e (base 15) to base 8
35
Convert -9 (base 15) to base 11.
-9
What is -1 (base 14) in base 4?
-1
46 (base 13) to base 16
3a
What is 27 (base 16) in base 12?
33
3 (base 11) to base 5
3
Convert 75 (base 16) to base 9.
140
What is -6 (base 14) in base 8?
-6
172 (base 8) to base 7
233
Convert 22 (base 4) to base 11.
a
What is -11 (base 10) in base 16?
-b
-4 (base 15) to base 7
-4
-335 (base 8) to base 4
-3131
101 (base 3) to base 9
11
What is -22 (base 3) in base 5?
-13
What is -114 (base 15) in base 16?
-f4
6 (base 10) to base 6
10
Convert -13 (base 4) to base 8.
-7
Convert 3 (base 11) to base 10.
3
Convert -2 (base 7) to base 13.
-2
-1000 (base 2) to base 3
-22
-10 (base 12) to base 8
-14
3 (base 7) to base 10
3
135 (base 14) to base 15
113
Convert -2 (base 15) to base 2.
-10
-101101 (base 2) to base 5
-140
111 (base 2) to base 13
7
Convert 4a (base 11) to base 15.
39
Convert 15 (base 6) to base 15.
b
What is -1 (base 5) in base 16?
-1
Convert -ce (base 15) to base 16.
-c2
57 (base 8) to base 3
1202
What is -4 (base 7) in base 8?
-4
What is 10 (base 4) in base 14?
4
What is 1000 (base 4) in base 11?
59
-22a (base 11) to base 14
-158
What is -6 (base 13) in base 8?
-6
What is 202 (base 5) in base 13?
40
Convert -3 (base 11) to base 6.
-3
Convert -132 (base 6) to base 4.
-320
What is -1412 (base 5) in base 14?
-128
Convert 545 (base 7) to base 6.
1142
3e (base 16) to base 12
52
5 (base 11) to base 16
5
68 (base 9) to base 2
111110
What is -2 (base 13) in base 16?
-2
-100102 (base 3) to base 15
-11e
Convert -1 (base 10) to base 15.
-1
Convert 10 (base 5) to base 2.
101
-c (base 14) to base 10
-12
Convert -1000 (base 2) to base 4.
-20
What is 208 (base 9) in base 14?
c2
-11 (base 2) to base 10
-3
Convert -101111 (base 2) to base 15.
-32
-10101010 (base 2) to base 3
-20022
Convert -11 (base 15) to base 11.
-15
What is 3 (base 15) in base 13?
3
Convert 7 (base 13) to base 5.
12
What is 5 (base 12) in base 4?
11
203 (base 4) to base 7
50
Convert -10 (base 5) to base 15.
-5
-102 (base 3) to base 16
-b
Convert -42 (base 16) to base 2.
-1000010
What is -12201 (base 3) in base 12?
-10a
Convert 111 (base 2) to base 15.
7
100 (base 2) to base 3
11
What is 2c (base 16) in base 11?
40
0 (base 15) to base 9
0
-26 (base 10) to base 4
-122
Convert -1 (base 3) to base 10.
-1
What is -1 (base 7) in base 2?
-1
-1 (base 13) to base 16
-1
What is -20 (base 9) in base 11?
-17
107 (base 14) to base 5
1303
-2e (base 16) to base 14
-34
-10000 (base 2) to base 15
-11
Convert -2 (base 7) to base 3.
-2
-8c (base 16) to base 7
-260
Convert 11 (base 2) to base 4.
3
50 (base 14) to base 8
106
33 (base 8) to base 2
11011
-123 (base 7) to base 11
-60
Convert -2 (base 5) to base 13.
-2
Convert 2022 (base 3) to base 6.
142
What is -4 (base 15) in base 12?
-4
Convert 50 (base 7) to base 9.
38
What is -48 (base 9) in base 6?
-112
Convert -33 (base 7) to base 4.
-120
What is -11 (base 3) in base 8?
-4
-5 (base 7) to base 4
-11
Convert 0 (base 11) to base 4.
0
What is 3 (base 9) in base 2?
11
-19d (base 14) to base 4
-11033
What is 1 (base 6) in base 10?
1
1 (base 3) to base 6
1
10001 (base 2) to base 9
18
Convert 12 (base 4) to base 8.
6
483 (base 9) to base 8
617
What is 47 (base 14) in base 8?
77
What is 0 (base 10) in base 14?
0
What is -2 (base 9) in base 12?
-2
Convert -513 (base 6) to base 14.
-d7
102 (base 3) to base 7
14
Convert 1 (base 11) to base 2.
1
Convert 4 (base 6) to base 10.
4
-7 (base 12) to base 6
-11
What is 9 (base 10) in base 4?
21
2d (base 14) to base 2
101001
What is 1 (base 9) in base 7?
1
Convert -2 (base 7) to base 8.
-2
Convert 2 (base 15) to base 9.
2
What is -140 (base 5) in base 3?
-1200
What is 49 (base 12) in base 13?
45
b (base 15) to base 2
1011
What is 245 (base 7) in base 14?
95
What is 9 (base 11) in base 15?
9
What is 4 (base 9) in base 11?
4
-1111010 (base 2) to base 8
-172
Convert -5 (base 15) to base 14.
-5
Convert -1 (base 12) to base 6.
-1
What is -4 (base 13) in base 8?
-4
34 (base 7) to base 10
25
What is 4 (base 7) in base 9?
4
What is -165 (base 13) in base 2?
-11111100
What is -1 (base 11) in base 16?
-1
1013 (base 4) to base 13
56
15 (base 7) to base 6
20
What is 5 (base 7) in base 2?
101
0 (base 4) to base 14
0
-39 (base 10) to base 6
-103
Convert -14 (base 9) to base 3.
-111
Convert 16 (base 7) to base 6.
21
What is 0 (base 16) in base 3?
0
What is -43 (base 15) in base 5?
-223
Convert a0 (base 15) to base 14.
aa
-182 (base 12) to base 8
-362
10001110 (base 2) to base 9
167
What is -5 (base 6) in base 11?
-5
Convert -3 (base 4) to base 13.
-3
-197 (base 13) to base 14
-16d
Convert 10 (base 11) to base 10.
11
What is -61 (base 7) in base 11?
-3a
50 (base 12) to base 6
140
What is -1011 (base 3) in base 6?
-51
101 (base 5) to base 14
1c
Convert -1 (base 3) to base 12.
-1
3 (base 7) to base 13
3
Convert -11 (base 16) to base 6.
-25
Convert 10 (base 3) to base 11.
3
What is -336 (base 8) in base 10?
-222
Convert -11 (base 2) to base 6.
-3
31 (base 6) to base 5
34
What is 2 (base 13) in base 7?
2
Convert -4 (base 12) to base 16.
-4
-8d (base 14) to base 16
-7d
Convert 363 (base 7) to base 11.
165
11 (base 16) to base 6
25
What is 0 (base 9) in base 15?
0
1 (base 5) to base 14
1
-20 (base 5) to base 10
-10
What is 5 (base 12) in base 10?
5
63 (base 12) to base 14
55
1021 (base 4) to base 5
243
296 (base 11) to base 8
533
-c (base 15) to base 11
-11
0 (base 16) to base 11
0
1 (base 15) to base 12
1
Convert 0 (base 11) to base 15.
0
Convert 21 (base 5) to base 14.
b
-143 (base 8) to base 10
-99
What is 100 (base 3) in base 13?
9
What is 0 (base 13) in base 10?
0
What is -1001 (base 2) in base 3?
-100
What is 0 (base 15) in base 5?
0
Convert -14 (base 7) to base 4.
-23
-204 (base 6) to base 11
-6a
3 (base 16) to base 9
3
Convert -3a (base 15) to base 9.
-61
12 (base 9) to base 4
23
Convert -2 (base 8) to base 9.
-2
Convert 7 (base 15) to base 9.
7
What is -3 (base 9) in base 7?
-3
What is -5b (base 12) in base 10?
-71
Convert -3 (base 11) to base 4.
-3
-10000110 (base 2) to base 16
-86
-7 (base 8) to base 7
-10
What is -90 (base 13) in base 14?
-85
126 (base 10) to base 3
11200
24 (base 16) to base 9
40
Convert -76 (base 12) to base 4.
-1122
-9 (base 13) to base 14
-9
Convert -e (base 16) to base 10.
-14
Convert 13 (base 13) to base 7.
22
What is -122 (base 5) in base 9?
-41
Convert 1 (base 9) to base 14.
1
Convert 0 (base 16) to base 14.
0
10 (base 14) to base 7
20
3 (base 5) to base 9
3
Convert a (base 13) to base 11.
a
Convert e (base 16) to base 4.
32
What is -1102 (base 3) in base 8?
-46
-1120 (base 3) to base 13
-33
Convert 12 (base 7) to base 2.
1001
-2 (base 11) to base 5
-2
0 (base 2) to base 12
0
4 (base 5) to base 3
11
Convert -2b (base 12) to base 5.
-120
Convert -1 (base 15) to base 11.
-1
What is -4 (base 15) in base 3?
-11
Convert 10011 (base 3) to base 12.
71
Convert -177 (base 10) to base 11.
-151
100 (base 3) to base 16
9
-6 (base 9) to base 13
-6
What is -14 (base 15) in base 8?
-23
Convert -110 (base 7) to base 5.
-211
152 (base 7) to base 3
10012
Convert 11 (base 2) to base 15.
3
Convert 12 (base 3) to base 8.
5
0 (base 4) to base 9
0
2302 (base 5) to base 9
403
45 (base 8) to base 13
2b
Convert -131 (base 5) to base 11.
-38
1 (base 7) to base 16
1
-63 (base 13) to base 12
-69
Convert 100101 (base 2) to base 16.
25
Convert -21 (base 3) to base 14.
-7
1 (base 4) to base 3
1
-26a (base 11) to base 13
-1b6
6 (base 11) to base 10
6
Convert -2 (base 7) to base 12.
-2
1301 (base 4) to base 7
221
Convert 2 (base 13) to base 10.
2
-241 (base 6) to base 12
-81
What is -78 (base 14) in base 7?
-211
-2 (base 10) to base 3
-2
Wha